{"id":1614,"date":"2019-09-19T17:46:57","date_gmt":"2019-09-19T15:46:57","guid":{"rendered":"http:\/\/telefonanlagenbau.kratochwil.de\/?page_id=1614"},"modified":"2019-09-20T17:18:10","modified_gmt":"2019-09-20T15:18:10","slug":"impressum","status":"publish","type":"page","link":"https:\/\/telefonanlagenbau.net\/?page_id=1614","title":{"rendered":"Impressum"},"content":{"rendered":"[vc_row css=&#8220;.vc_custom_1568908381731{margin-top: 80px !important;}&#8220;][vc_column]<div class=\"vcex-module vcex-heading vcex-heading-plain vc_custom_1568908061880\" style=\"color:#fc7216;font-weight:600;\"><span class=\"vcex-heading-inner clr\">IMPRESSUM<\/span><\/div>[vc_empty_space height=&#8220;15px&#8220;][vc_column_text]\n<h2><span style=\"font-size: 16px; color: #ff6600;\">Verantwortlich f\u00fcr Text und Inhalt<\/span><\/h2>\n<p><span style=\"font-size: 16px;\">Telefonanlagenbau P\u00f6tzsch<\/span><br \/>\n<span style=\"font-size: 16px;\">Karlstadter Pfad 11<\/span><br \/>\n<span style=\"font-size: 16px;\">97753 Karlstadt-He\u00dflar<\/span><\/p>\n<p><span style=\"font-size: 16px;\">Inhaber: Heiko P\u00f6tzsch<\/span><br \/>\n<span style=\"font-size: 16px;\">Amtsgericht Gem\u00fcnden<\/span><br \/>\n<span style=\"font-size: 16px;\">USt-IdNr.:DE182369709<\/span><\/p>\n<h2 id=\"dmaker_preview_disclaimer\"><span style=\"font-size: 16px; color: #ff6600;\"><strong>Haftung f\u00fcr Inhalte<\/strong><\/span><\/h2>\n<div>\n<p><span style=\"font-size: 16px;\">Als Diensteanbieter sind wir gem\u00e4\u00df \u00a7 7 Abs.1 TMG f\u00fcr eigene Inhalte auf diesen Seiten nach den allgemeinen Gesetzen verantwortlich. Nach \u00a7\u00a7 8 bis 10 TMG sind wir als Diensteanbieter jedoch nicht verpflichtet, \u00fcbermittelte oder gespeicherte fremde Informationen zu \u00fcberwachen oder nach Umst\u00e4nden zu forschen, die auf eine rechtswidrige T\u00e4tigkeit hinweisen. Verpflichtungen zur Entfernung oder Sperrung der Nutzung von Informationen nach den allgemeinen Gesetzen bleiben hiervon unber\u00fchrt. Eine diesbez\u00fcgliche Haftung ist jedoch erst ab dem Zeitpunkt der Kenntnis einer konkreten Rechtsverletzung m\u00f6glich. Bei Bekanntwerden von entsprechenden Rechtsverletzungen werden wir diese Inhalte umgehend entfernen.<\/span><\/p>\n<h2><span style=\"font-size: 16px; color: #ff6600;\"><strong>Haftung f\u00fcr Links<\/strong><\/span><\/h2>\n<p><span style=\"font-size: 16px;\">Unser Angebot enth\u00e4lt Links zu externen Webseiten Dritter, auf deren Inhalte wir keinen Einfluss haben. Deshalb k\u00f6nnen wir f\u00fcr diese fremden Inhalte auch keine Gew\u00e4hr \u00fcbernehmen. F\u00fcr die Inhalte der verlinkten Seiten ist stets der jeweilige Anbieter oder Betreiber der Seiten verantwortlich. Die verlinkten Seiten wurden zum Zeitpunkt der Verlinkung auf m\u00f6gliche Rechtsverst\u00f6\u00dfe \u00fcberpr\u00fcft. Rechtswidrige Inhalte waren zum Zeitpunkt der Verlinkung nicht erkennbar. Eine permanente inhaltliche Kontrolle der verlinkten Seiten ist jedoch ohne konkrete Anhaltspunkte einer Rechtsverletzung nicht zumutbar. Bei Bekanntwerden von Rechtsverletzungen werden wir derartige Links umgehend entfernen.<\/span><\/p>\n<h2><span style=\"font-size: 16px; color: #ff6600;\"><strong>Urheberrecht<\/strong><\/span><\/h2>\n<p><span style=\"font-size: 16px;\">Die durch die Seitenbetreiber erstellten Inhalte und Werke auf diesen Seiten unterliegen dem deutschen Urheberrecht. Die Vervielf\u00e4ltigung, Bearbeitung, Verbreitung und jede Art der Verwertung au\u00dferhalb der Grenzen des Urheberrechtes bed\u00fcrfen der schriftlichen Zustimmung des jeweiligen Autors bzw. Erstellers. Downloads und Kopien dieser Seite sind nur f\u00fcr den privaten, nicht kommerziellen Gebrauch gestattet. Soweit die Inhalte auf dieser Seite nicht vom Betreiber erstellt wurden, werden die Urheberrechte Dritter beachtet. Insbesondere werden Inhalte Dritter als solche gekennzeichnet. Sollten Sie trotzdem auf eine Urheberrechtsverletzung aufmerksam werden, bitten wir um einen entsprechenden Hinweis. Bei Bekanntwerden von Rechtsverletzungen werden wir derartige Inhalte umgehend entfernen.<\/span><\/p>\n<\/div>\n[\/vc_column_text][vc_empty_space height=&#8220;20px&#8220;][\/vc_column][\/vc_row][vc_row][vc_column][vc_column_text][vc_row column_spacing=&#8220;0px&#8220; no_margins=&#8220;true&#8220;][vc_column visibility=&#8220;hidden-phone&#8220; el_class=&#8220;isdn2voip2&#8243;][vc_single_image image=&#8220;1383&#8243; onclick=&#8220;custom_link&#8220; link=&#8220;\/?page_id=1777&#8243;][\/vc_column][\/vc_row]\n[\/vc_column_text][\/vc_column][\/vc_row]\n","protected":false},"excerpt":{"rendered":"<p>[vc_row css=&#8220;.vc_custom_1568908381731{margin-top: 80px !important;}&#8220;][vc_column][vc_empty_space height=&#8220;15px&#8220;][vc_column_text] Verantwortlich f\u00fcr Text und Inhalt Telefonanlagenbau P\u00f6tzsch Karlstadter Pfad 11 97753 Karlstadt-He\u00dflar Inhaber: Heiko P\u00f6tzsch Amtsgericht Gem\u00fcnden USt-IdNr.:DE182369709 Haftung f\u00fcr Inhalte Als Diensteanbieter sind wir gem\u00e4\u00df \u00a7 7 Abs.1 TMG f\u00fcr eigene Inhalte auf diesen&hellip;<\/p>\n","protected":false},"author":1,"featured_media":0,"parent":0,"menu_order":0,"comment_status":"open","ping_status":"open","template":"","meta":{"footnotes":""},"class_list":["post-1614","page","type-page","status-publish","hentry","entry","no-media"],"_links":{"self":[{"href":"https:\/\/telefonanlagenbau.net\/index.php?rest_route=\/wp\/v2\/pages\/1614","targetHints":{"allow":["GET"]}}],"collection":[{"href":"https:\/\/telefonanlagenbau.net\/index.php?rest_route=\/wp\/v2\/pages"}],"about":[{"href":"https:\/\/telefonanlagenbau.net\/index.php?rest_route=\/wp\/v2\/types\/page"}],"author":[{"embeddable":true,"href":"https:\/\/telefonanlagenbau.net\/index.php?rest_route=\/wp\/v2\/users\/1"}],"replies":[{"embeddable":true,"href":"https:\/\/telefonanlagenbau.net\/index.php?rest_route=%2Fwp%2Fv2%2Fcomments&post=1614"}],"version-history":[{"count":4,"href":"https:\/\/telefonanlagenbau.net\/index.php?rest_route=\/wp\/v2\/pages\/1614\/revisions"}],"predecessor-version":[{"id":1737,"href":"https:\/\/telefonanlagenbau.net\/index.php?rest_route=\/wp\/v2\/pages\/1614\/revisions\/1737"}],"wp:attachment":[{"href":"https:\/\/telefonanlagenbau.net\/index.php?rest_route=%2Fwp%2Fv2%2Fmedia&parent=1614"}],"curies":[{"name":"wp","href":"https:\/\/api.w.org\/{rel}","templated":true}]}}